{"id":187,"date":"2025-09-04T17:46:12","date_gmt":"2025-09-04T21:46:12","guid":{"rendered":"https:\/\/www.ft.uto.edu.bo\/?page_id=187"},"modified":"2025-10-14T20:51:17","modified_gmt":"2025-10-15T00:51:17","slug":"carrera-electromecanica-nivel-tecnico-superior","status":"publish","type":"page","link":"https:\/\/www.ft.uto.edu.bo\/?page_id=187","title":{"rendered":"CARRERA : ELECTROMEC\u00c1NICA (Nivel T\u00e9cnico Superior)"},"content":{"rendered":"\n<p><\/p>\n\n\n\n<h1 class=\"wp-block-heading has-text-align-center\" style=\"font-style:normal;font-weight:1000\">ELECTROMEC\u00c1NICA<\/h1>\n\n\n\n<figure class=\"wp-block-image aligncenter size-large is-resized\"><img loading=\"lazy\" decoding=\"async\" width=\"1024\" height=\"791\" src=\"https:\/\/www.ft.uto.edu.bo\/wp-content\/uploads\/2025\/09\/25-09-23-FT-Mec-LOGO-1024x791.webp\" alt=\"\" class=\"wp-image-489\" style=\"width:480px\" srcset=\"https:\/\/www.ft.uto.edu.bo\/wp-content\/uploads\/2025\/09\/25-09-23-FT-Mec-LOGO-1024x791.webp 1024w, https:\/\/www.ft.uto.edu.bo\/wp-content\/uploads\/2025\/09\/25-09-23-FT-Mec-LOGO-300x232.webp 300w, https:\/\/www.ft.uto.edu.bo\/wp-content\/uploads\/2025\/09\/25-09-23-FT-Mec-LOGO-768x593.webp 768w, https:\/\/www.ft.uto.edu.bo\/wp-content\/uploads\/2025\/09\/25-09-23-FT-Mec-LOGO.webp 1045w\" sizes=\"auto, (max-width: 1024px) 100vw, 1024px\" \/><\/figure>\n\n\n\n<p class=\"has-text-align-center has-medium-font-size\" style=\"font-style:normal;font-weight:800\">CARRERA : NIVEL T\u00c9CNICO SUPERIOR<\/p>\n\n\n\n<p><p style=\"text-align: justify;\">Se aprueba la creaci\u00f3n del Programa T\u00e9cnico Superior en Electromec\u00e1nica, dependiente de la Facultad T\u00e9cnica, mediante Resoluci\u00f3n del H.C.U. N\u00b0161\/2015, de 7 de diciembre de 2015. Seg\u00fan Resoluci\u00f3n H.C.U. N\u00b0134\/2018, se aprueba el ajuste curricular del programa T\u00e9cnico Superior en Electromec\u00e1nica, con un plan curricular matricial y por competencias. Se aprueba el redise\u00f1o curricular de la carrera de Electromec\u00e1nica seg\u00fan Resoluci\u00f3n H.C.U. N\u00b0129\/2022 de fecha 31 de octubre de 2022.<\/p><\/p>\n\n\n\n<p class=\"has-medium-font-size\" style=\"text-decoration:underline\"><strong>MISI\u00d3N<\/strong><\/p>\n\n\n\n<p><p style=\"text-align: justify;\">Formar profesionales Electromec\u00e1nicos competentes e \u00edntegros en el \u00e1rea de la ciencia electromec\u00e1nica orientado a la planificaci\u00f3n y gesti\u00f3n del mantenimiento industrial, capaces de investigar y desarrollar ciencia, adaptar y producir nuevas tecnolog\u00edas que vinculen el proceso acad\u00e9mico con el sector productivo y de servicios, capaces de plantear soluciones y de involucrarse en la problem\u00e1tica de a\u00f1adir valor agregado a los recursos naturales del pa\u00eds, ser generadores de unidades productivas, de servicios empresariales que contribuyan al desarrollo regional y nacional, preservando el medio ambiente.<\/p><\/p>\n\n\n\n<p class=\"has-medium-font-size\" style=\"text-decoration:underline\"><strong>VISI\u00d3N<\/strong><\/p>\n\n\n\n<p><p style=\"text-align: justify;\">Ser un Programa modelo con liderazgo de calidad en la formaci\u00f3n integral de profesionales T\u00e9cnicos Superiores en el \u00e1rea de Electromec\u00e1nica, con mentalidad de emprendimiento empresarial, que coadyuven activamente al fortalecimiento de la industria regional y nacional, en base a la investigaci\u00f3n cient\u00edfica e interacci\u00f3n social, comprometidos con las pol\u00edticas de desarrollo sustentable.<\/p><\/p>\n\n\n\n<p class=\"has-medium-font-size\" style=\"text-decoration:underline\"><strong>OBJETIVO GENERAL<\/strong> <\/p>\n\n\n\n<p><p style=\"text-align: justify;\">Formar profesionales T\u00e9cnicos Superiores Electromec\u00e1nicos, con conocimientos, habilidades, destrezas y actitudes en el \u00e1mbito de los sistemas electromec\u00e1nicos, instalaciones industriales con capacidad de coadyuvar en planificar y ejecutar la gesti\u00f3n del mantenimiento e investigaci\u00f3n en sistemas e instalaciones electromec\u00e1nicas para satisfacer las necesidades del sector productivo y de servicio de la industria regional y nacional, sobre la base del desarrollo sostenible.<\/p><\/p>\n\n\n\n<p class=\"has-medium-font-size\" style=\"text-decoration:underline\"><strong>OBJETIVOS ESPEC\u00cdFICOS<\/strong><\/p>\n\n\n\n<ul class=\"wp-block-list\">\n<li>Contar con planes y programas actualizados, para aplicar la tecnolog\u00eda a las necesidades de la demanda productiva regional y nacional.<\/li>\n\n\n\n<li>Promover actividades productivas incentivando la preservaci\u00f3n del medio ambiente, seguridad industrial y salud ocupacional.<\/li>\n\n\n\n<li>Incentivar, organizar y difundir la investigaci\u00f3n aplicada a las \u00e1reas de la producci\u00f3n, sistemas electromec\u00e1nicos y de servicio.<\/li>\n<\/ul>\n\n\n\n<p class=\"has-medium-font-size\" style=\"text-decoration:underline\"><strong>PERFIL PROFESIONAL<\/strong><\/p>\n\n\n\n<p><p style=\"text-align: justify;\">El Electromec\u00e1nico es un profesional \u00edntegro con s\u00f3lida formaci\u00f3n cient\u00edfica y tecnol\u00f3gica, con conocimientos y habilidades propias de las \u00e1reas de: mantenimiento mec\u00e1nico y mantenimiento el\u00e9ctrico, con esp\u00edritu innovador, creativo e investigador, social y t\u00e9cnicamente competente que desarrolla, adapta y aplica nuevas tecnolog\u00edas; instala, ajusta y mantiene equipos y maquinaria utilizada para producci\u00f3n y procesamiento industrial electromec\u00e1nico, aplicando especificaciones t\u00e9cnicas, normas de seguridad industrial, producci\u00f3n m\u00e1s limpia y medioambientales tomando en cuenta el desarrollo sustentable, cumpliendo funciones de empresas p\u00fablicas, privadas y consciente de las transformaciones necesarias desde su esfera de actuaci\u00f3n para la mejora social y econ\u00f3mica del pa\u00eds.<\/p><\/p>\n\n\n\n<p class=\"has-medium-font-size\" style=\"text-decoration:underline\"><strong>CAMPO OCUPACIONAL<\/strong><\/p>\n\n\n\n<p><p style=\"text-align: justify;\">El profesional electromec\u00e1nico puede desempe\u00f1arse en actividades de dise\u00f1o, fabricaci\u00f3n mediante procesos de fundici\u00f3n, soldadura, mecanizado convencional y CNC, montaje, operaci\u00f3n y mantenimiento de maquinarias, instalaciones y equipos, en empresas e instituciones del sector industrial de producci\u00f3n y de servicios, as\u00ed como emprendimientos propios.<\/p><\/p>\n\n\n\n<p class=\"has-medium-font-size\" style=\"text-decoration:underline\"><strong>MODALIDADES DE INGRESO<\/strong><\/p>\n\n\n\n<ul class=\"wp-block-list\">\n<li>Curso Preuniversitario<\/li>\n\n\n\n<li>Prueba de Suficiencia Acad\u00e9mica<\/li>\n\n\n\n<li>Admisi\u00f3n Especial<\/li>\n\n\n\n<li>Excelencia Acad\u00e9mica en la Formaci\u00f3n Secundaria<\/li>\n<\/ul>\n\n\n\n<p class=\"has-medium-font-size\" style=\"text-decoration:underline\"><strong>MODALIDADES DE GRADUACI\u00d3N<\/strong><\/p>\n\n\n\n<ul class=\"wp-block-list\">\n<li>Pasant\u00eda<\/li>\n\n\n\n<li>Proyecto de Grado T\u00e9cnico<\/li>\n\n\n\n<li>Excelencia Acad\u00e9mica<\/li>\n<\/ul>\n\n\n\n<p class=\"has-medium-font-size\" style=\"text-decoration:underline\"><strong>DIPLOMA ACAD\u00c9MICO<\/strong><\/p>\n\n\n\n<p>T\u00c9CNICO UNIVERSITARIO SUPERIOR EN ELECTROMEC\u00c1NICA<\/p>\n\n\n\n<p class=\"has-medium-font-size\" style=\"text-decoration:underline\"><strong>T\u00cdTULO EN PROVISI\u00d3N NACIONAL<\/strong><\/p>\n\n\n\n<p>ELECTROMEC\u00c1NICO<\/p>\n\n\n\n<h2 class=\"wp-block-heading has-text-align-center has-large-font-size\" style=\"font-style:normal;font-weight:800;text-decoration:underline\">PLAN DE ESTUDIOS<\/h2>\n\n\n\n<h6 class=\"wp-block-heading has-text-align-center\"><strong>SEIS SEMESTRES : DIURNO \/ VESPERTINO<\/strong><\/h6>\n\n\n\n<p class=\"has-text-align-center has-medium-font-size\" style=\"text-decoration:underline\"><strong>SEMESTRE I<\/strong><\/p>\n\n\n\n<figure class=\"wp-block-table is-style-stripes\"><table class=\"manual-column-table small-text-table\"><tbody><tr><td><strong>SIGLA C\u00d3DIGO<\/strong><\/td><td><strong>ASIGNATURA<\/strong><\/td><td><strong>HT<\/strong><\/td><td><strong>HP<\/strong><\/td><td><strong>PRE-REQUISITO<\/strong><\/td><\/tr><tr><td><strong>MAT100<\/strong><\/td><td>\u00c1LGEBRA<\/td><td>4<\/td><td>0<\/td><td>PRE-UNIVERSITARIO<\/td><\/tr><tr><td><strong>MAT101<\/strong><\/td><td>C\u00c1LCULO I<\/td><td>4<\/td><td>0<\/td><td>PRE-UNIVERSITARIO<\/td><\/tr><tr><td><strong>MAT103<\/strong><\/td><td>INFORM\u00c1TICA<\/td><td>2<\/td><td>2<\/td><td>PRE-UNIVERSITARIO<\/td><\/tr><tr><td><strong>FIS100<\/strong><\/td><td>F\u00cdSICA I<\/td><td>2<\/td><td>2<\/td><td>PRE-UNIVERSITARIO<\/td><\/tr><tr><td><strong>QMC100<\/strong><\/td><td>QU\u00cdMICA<\/td><td>2<\/td><td>2<\/td><td>PRE-UNIVERSITARIO<\/td><\/tr><tr><td><strong>ART 100<\/strong><\/td><td>DIBUJO T\u00c9CNICO<\/td><td>0<\/td><td>3<\/td><td>PRE-UNIVERSITARIO<\/td><\/tr><tr><td><strong>MEC211<\/strong><\/td><td>TECNOLOG\u00cdA Y TALLER I<\/td><td>2<\/td><td>2<\/td><td>PRE-UNIVERSITARIO<\/td><\/tr><tr><td>&nbsp;<\/td><td>&nbsp;<\/td><td><strong>16<\/strong><\/td><td><strong>11<\/strong><\/td><td>&nbsp;<\/td><\/tr><tr><td>&nbsp;<\/td><td>&nbsp;<\/td><td>&nbsp;<\/td><td><strong>27<\/strong><\/td><td>&nbsp;<\/td><\/tr><\/tbody><\/table><\/figure>\n\n\n\n<p class=\"has-text-align-center has-medium-font-size\" style=\"text-decoration:underline\"><strong>SEMESTRE II<\/strong><\/p>\n\n\n\n<figure class=\"wp-block-table is-style-stripes\"><table class=\"manual-column-table small-text-table\"><tbody><tr><td><strong>SIGLA C\u00d3DIGO<\/strong><\/td><td><strong>ASIGNATURA<\/strong><\/td><td><strong>HT<\/strong><\/td><td><strong>HP<\/strong><\/td><td><strong>PRE-REQUISITO<\/strong><\/td><\/tr><tr><td><strong>MAT102<\/strong><\/td><td>C\u00c1LCULO II<\/td><td>4<\/td><td>0<\/td><td>MAT101<\/td><\/tr><tr><td><strong>FIS102<\/strong><\/td><td>F\u00cdSICA II<\/td><td>2<\/td><td>2<\/td><td>FIS100<\/td><\/tr><tr><td><strong>MAT104<\/strong><\/td><td>ESTAD\u00cdSTICA<\/td><td>2<\/td><td>2<\/td><td>MAT100<\/td><\/tr><tr><td><strong>MEC221<\/strong><\/td><td>DIBUJO MEC\u00c1NICO CAD<\/td><td>0<\/td><td>4<\/td><td>ART100<\/td><\/tr><tr><td><strong>MEC224<\/strong><\/td><td>TECNOLOG\u00cdA Y TALLER II<\/td><td>2<\/td><td>4<\/td><td>MEC211<\/td><\/tr><tr><td><strong>ELT221<\/strong><\/td><td>TECNOLOG\u00cdA EL\u00c9CTRICA<\/td><td>2<\/td><td>2<\/td><td>PRE-UNIVERSITARIO<\/td><\/tr><tr><td><strong>ELT221<\/strong><\/td><td>CIRCUITOS DE CORRIENTE CONT\u00cdNUA<\/td><td>2<\/td><td>2<\/td><td>MAT100<\/td><\/tr><tr><td>&nbsp;<\/td><td>&nbsp;<\/td><td><strong>14<\/strong><\/td><td><strong>16<\/strong><\/td><td>&nbsp;<\/td><\/tr><tr><td>&nbsp;<\/td><td>&nbsp;<\/td><td>&nbsp;<\/td><td><strong>30<\/strong><\/td><td>&nbsp;<\/td><\/tr><\/tbody><\/table><\/figure>\n\n\n\n<p class=\"has-text-align-center has-medium-font-size\" style=\"text-decoration:underline\"><strong>SEMESTRE III<\/strong><\/p>\n\n\n\n<figure class=\"wp-block-table is-style-stripes\"><table class=\"manual-column-table small-text-table\"><tbody><tr><td><strong>SIGLA C\u00d3DIGO<\/strong><\/td><td><strong>ASIGNATURA<\/strong><\/td><td><strong>HT<\/strong><\/td><td><strong>HP<\/strong><\/td><td><strong>PRE-REQUISITO<\/strong><\/td><\/tr><tr><td><strong>FIS200<\/strong><\/td><td>F\u00cdSICA III<\/td><td>2<\/td><td>2<\/td><td>FIS102<\/td><\/tr><tr><td><strong>MEC223<\/strong><\/td><td>TALLER DE SOLDADURA I<\/td><td>2<\/td><td>2<\/td><td>MEC211<\/td><\/tr><tr><td><strong>MEC231<\/strong><\/td><td>RESISTENCIA DE MATERIALES<\/td><td>2<\/td><td>2<\/td><td>MEC211<\/td><\/tr><tr><td><strong>MEC232<\/strong><\/td><td>TERMODIN\u00c1MICA<\/td><td>2<\/td><td>2<\/td><td>FIS102<\/td><\/tr><tr><td><strong>MEC236<\/strong><\/td><td>TECNOLOG\u00cdA Y TALLER III<\/td><td>2<\/td><td>4<\/td><td>MEC224<\/td><\/tr><tr><td><strong>ELT223<\/strong><\/td><td>ELECTR\u00d3NICA ANAL\u00d3GICA Y DIGITAL<\/td><td>2<\/td><td>2<\/td><td>ELT211<\/td><\/tr><tr><td><strong>ELT231<\/strong><\/td><td>CIRCUITOS DE CORRIENTE ALTERNA<\/td><td>2<\/td><td>2<\/td><td>ELT221<\/td><\/tr><tr><td>&nbsp;<\/td><td>&nbsp;<\/td><td><strong>14<\/strong><\/td><td><strong>16<\/strong><\/td><td>&nbsp;<\/td><\/tr><tr><td>&nbsp;<\/td><td>&nbsp;<\/td><td>&nbsp;<\/td><td><strong>30<\/strong><\/td><td>&nbsp;<\/td><\/tr><\/tbody><\/table><\/figure>\n\n\n\n<p class=\"has-text-align-center has-medium-font-size\" style=\"text-decoration:underline\"><strong>SEMESTRE IV<\/strong><\/p>\n\n\n\n<figure class=\"wp-block-table is-style-stripes\"><table class=\"manual-column-table small-text-table\"><tbody><tr><td><strong>SIGLA C\u00d3DIGO<\/strong><\/td><td><strong>ASIGNATURA<\/strong><\/td><td><strong>HT<\/strong><\/td><td><strong>HP<\/strong><\/td><td><strong>PRE-REQUISITO<\/strong><\/td><\/tr><tr><td><strong>ETM241<\/strong><\/td><td>SOLDADURAS ESPECIALES<\/td><td>2<\/td><td>3<\/td><td>MEC223<\/td><\/tr><tr><td><strong>MEC244<\/strong><\/td><td>MANTENIMIENTO INDUSTRIAL<\/td><td>2<\/td><td>2<\/td><td>MEC236<\/td><\/tr><tr><td><strong>MEC251<\/strong><\/td><td>ELEMENTOS DE M\u00c1QUINAS<\/td><td>2<\/td><td>2<\/td><td>MEC231<\/td><\/tr><tr><td><strong>MEC255<\/strong><\/td><td>TRIBOLOG\u00cdA<\/td><td>0<\/td><td>2<\/td><td>MEC232<\/td><\/tr><tr><td><strong>ELT232<\/strong><\/td><td>MICROCONTROLADORES<\/td><td>0<\/td><td>3<\/td><td>MAT103<\/td><\/tr><tr><td><strong>ELT233<\/strong><\/td><td>ELECTR\u00d3NICA INDUSTRIAL<\/td><td>2<\/td><td>2<\/td><td>ELT223<\/td><\/tr><tr><td><strong>ELT242<\/strong><\/td><td>M\u00c1QUINAS DE CORRIENTE CONT\u00cdNUA<\/td><td>2<\/td><td>2<\/td><td>ELT231<\/td><\/tr><tr><td>&nbsp;<\/td><td>&nbsp;<\/td><td><strong>10<\/strong><\/td><td><strong>16<\/strong><\/td><td>&nbsp;<\/td><\/tr><tr><td>&nbsp;<\/td><td>&nbsp;<\/td><td>&nbsp;<\/td><td><strong>26<\/strong><\/td><td>&nbsp;<\/td><\/tr><\/tbody><\/table><\/figure>\n\n\n\n<p class=\"has-text-align-center has-medium-font-size\" style=\"text-decoration:underline\"><strong>SEMESTRE V<\/strong><\/p>\n\n\n\n<figure class=\"wp-block-table is-style-stripes\"><table class=\"manual-column-table small-text-table\"><tbody><tr><td><strong>SIGLA C\u00d3DIGO<\/strong><\/td><td><strong>ASIGNATURA<\/strong><\/td><td><strong>HT<\/strong><\/td><td><strong>HP<\/strong><\/td><td><strong>PRE-REQUISITO<\/strong><\/td><\/tr><tr><td><strong>MEC242<\/strong><\/td><td>SISTEMAS HIDRONEUM\u00c1TICOS<\/td><td>2<\/td><td>2<\/td><td>MEC232<\/td><\/tr><tr><td><strong>MEC253<\/strong><\/td><td>M\u00c1QUINAS T\u00c9RMICAS Y ENERG\u00cdAS ALTERNATIVAS<\/td><td>2<\/td><td>2<\/td><td>MEC232<\/td><\/tr><tr><td><strong>MEC254<\/strong><\/td><td>DIAGN\u00d3STICO DE M\u00c1QUINAS<\/td><td>2<\/td><td>2<\/td><td>MEC244<\/td><\/tr><tr><td><strong>ELT244<\/strong><\/td><td>INSTRUMENTACI\u00d3N<\/td><td>2<\/td><td>2<\/td><td>ELT233<\/td><\/tr><tr><td><strong>ELT247<\/strong><\/td><td>INSTALACIONES INDUSTRIALES<\/td><td>2<\/td><td>4<\/td><td>ELT231<\/td><\/tr><tr><td><strong>ELT251<\/strong><\/td><td>MECATR\u00d3NICA APLICADA<\/td><td>0<\/td><td>2<\/td><td>ELT232<\/td><\/tr><tr><td><strong>ELT252<\/strong><\/td><td>M\u00c1QUINAS DE CORRIENTE ALTERNA<\/td><td>2<\/td><td>2<\/td><td>ELT242<\/td><\/tr><tr><td>&nbsp;<\/td><td>&nbsp;<\/td><td><strong>12<\/strong><\/td><td><strong>16<\/strong><\/td><td>&nbsp;<\/td><\/tr><tr><td>&nbsp;<\/td><td>&nbsp;<\/td><td>&nbsp;<\/td><td><strong>28<\/strong><\/td><td>&nbsp;<\/td><\/tr><\/tbody><\/table><\/figure>\n\n\n\n<p class=\"has-text-align-center has-medium-font-size\" style=\"text-decoration:underline\"><strong>SEMESTRE VI<\/strong><\/p>\n\n\n\n<figure class=\"wp-block-table is-style-stripes\"><table class=\"manual-column-table small-text-table\"><tbody><tr><td><strong>SIGLA C\u00d3DIGO<\/strong><\/td><td><strong>ASIGNATURA<\/strong><\/td><td><strong>HT<\/strong><\/td><td><strong>HP<\/strong><\/td><td><strong>PRE-REQUISITO<\/strong><\/td><\/tr><tr><td><strong>MEC261<\/strong><\/td><td>M\u00c1QUINAS DE ELEVACI\u00d3N Y TRANSPORTE<\/td><td>2<\/td><td>2<\/td><td>MEC251<\/td><\/tr><tr><td><strong>MEC262<\/strong><\/td><td>REFRIGERACI\u00d3N Y AIRE ACONDICIONADO<\/td><td>2<\/td><td>2<\/td><td>MEC232<\/td><\/tr><tr><td><strong>MEC263<\/strong><\/td><td>ESTRUCTURAS MET\u00c1LICAS<\/td><td>2<\/td><td>2<\/td><td>MEC251<\/td><\/tr><tr><td><strong>MEC264<\/strong><\/td><td>MANTENIMIENTO RCM Y TPM<\/td><td>0<\/td><td>2<\/td><td>MEC254<\/td><\/tr><tr><td><strong>MEC266<\/strong><\/td><td>MONTAJE INDUSTRIAL<\/td><td>0<\/td><td>3<\/td><td>ETM241<\/td><\/tr><tr><td><strong>ELT254<\/strong><\/td><td>ELECTRONEUM\u00c1TICA<\/td><td>2<\/td><td>2<\/td><td>ELT241<\/td><\/tr><tr><td><strong>ELT255<\/strong><\/td><td>AUTOMATIZACI\u00d3N INDUSTRIAL<\/td><td>2<\/td><td>2<\/td><td>ELT244<\/td><\/tr><tr><td><strong>ELT256<\/strong><\/td><td>MANTENIMIENTO EL\u00c9CTRICO<\/td><td>2<\/td><td>2<\/td><td>ELT252<\/td><\/tr><tr><td>&nbsp;<\/td><td>&nbsp;<\/td><td><strong>12<\/strong><\/td><td><strong>17<\/strong><\/td><td>&nbsp;<\/td><\/tr><tr><td>&nbsp;<\/td><td>&nbsp;<\/td><td>&nbsp;<\/td><td><strong>29<\/strong><\/td><td>&nbsp;<\/td><\/tr><\/tbody><\/table><\/figure>\n\n\n\n<p class=\"has-text-align-center has-medium-font-size\" style=\"text-decoration:underline\"><strong>ASIGNATURAS ELECTIVAS<\/strong><\/p>\n\n\n\n<figure class=\"wp-block-table is-style-stripes\"><table class=\"manual-column-table small-text-table\"><tbody><tr><td><strong>SIGLA C\u00d3DIGO<\/strong><\/td><td><strong>ASIGNATURA<\/strong><\/td><td><strong>HT<\/strong><\/td><td><strong>HP<\/strong><\/td><td><strong>PRE-REQUISITO<\/strong><\/td><\/tr><tr><td><strong>MEC250<\/strong><\/td><td>RECUBRIMIENTOS<\/td><td>0<\/td><td>2<\/td><td>ETM241<\/td><\/tr><tr><td><strong>ELT260<\/strong><\/td><td>TRACCI\u00d3N EL\u00c9CTRICA<\/td><td>2<\/td><td>0<\/td><td>ELT211<\/td><\/tr><tr><td><strong>MEC260<\/strong><\/td><td>CONTROL DE CALIDAD<\/td><td>2<\/td><td>0<\/td><td>MEC244<\/td><\/tr><\/tbody><\/table><\/figure>\n\n\n\n<p><\/p>\n\n\n\n<div class=\"wp-block-buttons is-content-justification-center is-layout-flex wp-container-core-buttons-is-layout-a89b3969 wp-block-buttons-is-layout-flex\">\n<div class=\"wp-block-button is-style-fill\"><a class=\"wp-block-button__link has-ast-global-color-2-background-color has-background wp-element-button\" href=\"https:\/\/www.ft.uto.edu.bo\/wp-content\/uploads\/2025\/10\/planetm2011.pdf\">PLAN DE ESTUDIOS : ELECTROMEC\u00c1NICA &#8211; 2011<\/a><\/div>\n<\/div>\n\n\n\n<p class=\"has-medium-font-size\" style=\"text-decoration:underline\"><strong>INFRAESTRUCTURA ACAD\u00c9MICA<\/strong><\/p>\n\n\n\n<p><p style=\"text-align: justify;\">La Carrera cuenta con infraestructura adecuada para la formaci\u00f3n de profesionales t\u00e9cnicos, destac\u00e1ndose lo siguiente:<\/p><\/p>\n\n\n\n<ul class=\"wp-block-list\">\n<li><strong>Aulas<\/strong> para la ense\u00f1anza por especialidad.<\/li>\n\n\n\n<li><strong>Talleres:<\/strong> Mecanizado, Soldadura, modelaje, Fundici\u00f3n, Instalaciones residenciales, Rebobinado de m\u00e1quinas, l\u00edneas de transmisi\u00f3n y transformadores.<\/li>\n\n\n\n<li><strong>Laboratorios<\/strong> de Electromec\u00e1nica y de Computaci\u00f3n CAD, Electrotecnia, Aut\u00f3matas programables y Electr\u00f3nica.<\/li>\n\n\n\n<li><strong>Gabinetes<\/strong> de Materiales y Herramientas Mec\u00e1nicas.<\/li>\n<\/ul>\n\n\n\n<p><\/p>\n\n\n\n<p><\/p>\n","protected":false},"excerpt":{"rendered":"<p>ELECTROMEC\u00c1NICA CARRERA : NIVEL T\u00c9CNICO SUPERIOR Se aprueba la creaci\u00f3n del Programa T\u00e9cnico Superior en Electromec\u00e1nica, dependiente de la Facultad [&hellip;]<\/p>\n","protected":false},"author":1,"featured_media":0,"parent":0,"menu_order":0,"comment_status":"closed","ping_status":"closed","template":"","meta":{"site-sidebar-layout":"default","site-content-layout":"","ast-site-content-layout":"default","site-content-style":"default","site-sidebar-style":"default","ast-global-header-display":"","ast-banner-title-visibility":"","ast-main-header-display":"","ast-hfb-above-header-display":"","ast-hfb-below-header-display":"","ast-hfb-mobile-header-display":"","site-post-title":"disabled","ast-breadcrumbs-content":"","ast-featured-img":"","footer-sml-layout":"","ast-disable-related-posts":"","theme-transparent-header-meta":"","adv-header-id-meta":"","stick-header-meta":"","header-above-stick-meta":"","header-main-stick-meta":"","header-below-stick-meta":"","astra-migrate-meta-layouts":"default","ast-page-background-enabled":"default","ast-page-background-meta":{"desktop":{"background-color":"var(--ast-global-color-5)","background-image":"","background-repeat":"repeat","background-position":"center center","background-size":"auto","background-attachment":"scroll","background-type":"","background-media":"","overlay-type":"","overlay-color":"","overlay-opacity":"","overlay-gradient":""},"tablet":{"background-color":"","background-image":"","background-repeat":"repeat","background-position":"center center","background-size":"auto","background-attachment":"scroll","background-type":"","background-media":"","overlay-type":"","overlay-color":"","overlay-opacity":"","overlay-gradient":""},"mobile":{"background-color":"","background-image":"","background-repeat":"repeat","background-position":"center center","background-size":"auto","background-attachment":"scroll","background-type":"","background-media":"","overlay-type":"","overlay-color":"","overlay-opacity":"","overlay-gradient":""}},"ast-content-background-meta":{"desktop":{"background-color":"var(--ast-global-color-4)","background-image":"","background-repeat":"repeat","background-position":"center center","background-size":"auto","background-attachment":"scroll","background-type":"","background-media":"","overlay-type":"","overlay-color":"","overlay-opacity":"","overlay-gradient":""},"tablet":{"background-color":"var(--ast-global-color-4)","background-image":"","background-repeat":"repeat","background-position":"center center","background-size":"auto","background-attachment":"scroll","background-type":"","background-media":"","overlay-type":"","overlay-color":"","overlay-opacity":"","overlay-gradient":""},"mobile":{"background-color":"var(--ast-global-color-4)","background-image":"","background-repeat":"repeat","background-position":"center center","background-size":"auto","background-attachment":"scroll","background-type":"","background-media":"","overlay-type":"","overlay-color":"","overlay-opacity":"","overlay-gradient":""}},"footnotes":""},"class_list":["post-187","page","type-page","status-publish","hentry"],"_links":{"self":[{"href":"https:\/\/www.ft.uto.edu.bo\/index.php?rest_route=\/wp\/v2\/pages\/187","targetHints":{"allow":["GET"]}}],"collection":[{"href":"https:\/\/www.ft.uto.edu.bo\/index.php?rest_route=\/wp\/v2\/pages"}],"about":[{"href":"https:\/\/www.ft.uto.edu.bo\/index.php?rest_route=\/wp\/v2\/types\/page"}],"author":[{"embeddable":true,"href":"https:\/\/www.ft.uto.edu.bo\/index.php?rest_route=\/wp\/v2\/users\/1"}],"replies":[{"embeddable":true,"href":"https:\/\/www.ft.uto.edu.bo\/index.php?rest_route=%2Fwp%2Fv2%2Fcomments&post=187"}],"version-history":[{"count":21,"href":"https:\/\/www.ft.uto.edu.bo\/index.php?rest_route=\/wp\/v2\/pages\/187\/revisions"}],"predecessor-version":[{"id":985,"href":"https:\/\/www.ft.uto.edu.bo\/index.php?rest_route=\/wp\/v2\/pages\/187\/revisions\/985"}],"wp:attachment":[{"href":"https:\/\/www.ft.uto.edu.bo\/index.php?rest_route=%2Fwp%2Fv2%2Fmedia&parent=187"}],"curies":[{"name":"wp","href":"https:\/\/api.w.org\/{rel}","templated":true}]}}