{"id":386,"date":"2025-09-16T18:01:07","date_gmt":"2025-09-16T22:01:07","guid":{"rendered":"https:\/\/www.ft.uto.edu.bo\/?page_id=386"},"modified":"2025-09-17T13:14:44","modified_gmt":"2025-09-17T17:14:44","slug":"386-2","status":"publish","type":"page","link":"https:\/\/www.ft.uto.edu.bo\/?page_id=386","title":{"rendered":"PUBLICACION DOCENTE"},"content":{"rendered":"\n<p><\/p>\n\n\n\n<h1 class=\"wp-block-heading has-text-align-center\" style=\"font-style:normal;font-weight:1000\">LIBROS PUBLICADOS POR DOCENTES DE LA FACULTAD T\u00c9CNICA<\/h1>\n\n\n\n<p><\/p>\n\n\n<div class=\"container\">\n<div class=\"publication\">\n<h3>ELEMENTOS B\u00c1SICOS DE COSTOS Y PRESUPUESTOS EN CONSTRUCCI\u00d3N DE OBRAS<\/h3>\n<p class=\"author\"><strong>Autor:<\/strong> MSc. Lic. Wilson Angel Gutierrez Rodriguez<\/p>\n<ul>\n<li><strong>Fecha de Publicaci\u00f3n:<\/strong> Enero 2023<\/li>\n<li><strong>DOI:<\/strong> <a href=\"http:\/\/dx.doi.org\/10.37811\/cli_w824\" target=\"_blank\" rel=\"noopener\">10.37811\/cli_w824<\/a><\/li>\n<\/ul>\n<\/div>\n<div class=\"publication\">\n<h3>MEC\u00c1NICA DE SUELOS 1<\/h3>\n<p class=\"author\"><strong>Autor:<\/strong> MSc. Lic. Wilson Angel Gutierrez Rodriguez<\/p>\n<ul>\n<li><strong>Fecha de Publicaci\u00f3n:<\/strong> Enero 2023<\/li>\n<li><strong>Editorial:<\/strong> Wilson Angel Gutierrez Rodriguez<\/li>\n<li><strong>ISBN:<\/strong> 978-9917-0-3105-5<\/li>\n<li><strong>Enlace:<\/strong> <a href=\"https:\/\/www.researchgate.net\/publication\/392698673_MECANICA_DE_SUELOS_I\" target=\"_blank\" rel=\"noopener\">ResearchGate<\/a><\/li>\n<\/ul>\n<\/div>\n<div class=\"publication\">\n<h3>ELECTR\u00d3NICA B\u00c1SICA (2024)<\/h3>\n<p class=\"author\"><strong>Autor:<\/strong> Lic. Gerald Dante Antezana Osinaga<\/p>\n<ul>\n<li><strong>ISBN:<\/strong> 978-9917-637-53-0<\/li>\n<li><strong>Dep\u00f3sito Legal:<\/strong> 5-1-4878-2024<\/li>\n<li><strong>Enlace:<\/strong> <a href=\"https:\/\/latinas.com.bo\/index.php?id_product=490&amp;controller=product\" target=\"_blank\" rel=\"noopener\">Latinas Editores<\/a><\/li>\n<\/ul>\n<h3>ELECTR\u00d3NICA INDUSTRIAL<\/h3>\n<p class=\"author\"><strong>Autor:<\/strong> Lic. Gerald Dante Antezana Osinaga<\/p>\n<ul>\n<li><strong>ISBN:<\/strong> 978-9917-637-54-7<\/li>\n<li><strong>Dep\u00f3sito Legal:<\/strong> 5-1-4877-2024<\/li>\n<li><strong>Enlace:<\/strong> <a href=\"https:\/\/latinas.com.bo\/index.php?id_product=489&amp;vontroller=product\" target=\"_blank\" rel=\"noopener\">Latinas Editores<\/a><\/li>\n<\/ul>\n<h3>FUNDAMENTOS B\u00c1SICOS DE DIBUJO T\u00c9CNICO<\/h3>\n<p class=\"author\"><strong>Autor:<\/strong> Lic. Gerald Dante Antezana Osinaga<\/p>\n<ul>\n<li><strong>ISBN:<\/strong> 978-9917-637-55-4<\/li>\n<li><strong>Dep\u00f3sito Legal:<\/strong> 5-1-4879-2024<\/li>\n<li><strong>Enlace:<\/strong> <a href=\"https:\/\/latinas.com.bo\/index.php?id_product=488&amp;controller=product\" target=\"_blank\" rel=\"noopener\">Latinas Editores<\/a><\/li>\n<\/ul>\n<\/div>\n<div class=\"publication\">\n<h3>LOS MINERALES, LA QU\u00cdMICA ANAL\u00cdTICA Y EL AN\u00c1LISIS QU\u00cdMICO<\/h3>\n<p class=\"author\"><strong>Autor:<\/strong> Lic. Juan Carlos Yugar Negrete<\/p>\n<ul>\n<li><strong>Fecha de Publicaci\u00f3n:<\/strong> Noviembre 2023<\/li>\n<li><strong>ISBN:<\/strong> 978-9917-0-3402-2023<\/li>\n<\/ul>\n<\/div>\n<\/div>","protected":false},"excerpt":{"rendered":"<p>LIBROS PUBLICADOS POR DOCENTES DE LA FACULTAD T\u00c9CNICA ELEMENTOS B\u00c1SICOS DE COSTOS Y PRESUPUESTOS EN CONSTRUCCI\u00d3N DE OBRAS Autor: MSc. [&hellip;]<\/p>\n","protected":false},"author":1,"featured_media":0,"parent":0,"menu_order":0,"comment_status":"closed","ping_status":"closed","template":"","meta":{"site-sidebar-layout":"default","site-content-layout":"","ast-site-content-layout":"default","site-content-style":"default","site-sidebar-style":"default","ast-global-header-display":"","ast-banner-title-visibility":"","ast-main-header-display":"","ast-hfb-above-header-display":"","ast-hfb-below-header-display":"","ast-hfb-mobile-header-display":"","site-post-title":"disabled","ast-breadcrumbs-content":"","ast-featured-img":"","footer-sml-layout":"","ast-disable-related-posts":"","theme-transparent-header-meta":"","adv-header-id-meta":"","stick-header-meta":"","header-above-stick-meta":"","header-main-stick-meta":"","header-below-stick-meta":"","astra-migrate-meta-layouts":"default","ast-page-background-enabled":"default","ast-page-background-meta":{"desktop":{"background-color":"var(--ast-global-color-5)","background-image":"","background-repeat":"repeat","background-position":"center center","background-size":"auto","background-attachment":"scroll","background-type":"","background-media":"","overlay-type":"","overlay-color":"","overlay-opacity":"","overlay-gradient":""},"tablet":{"background-color":"","background-image":"","background-repeat":"repeat","background-position":"center center","background-size":"auto","background-attachment":"scroll","background-type":"","background-media":"","overlay-type":"","overlay-color":"","overlay-opacity":"","overlay-gradient":""},"mobile":{"background-color":"","background-image":"","background-repeat":"repeat","background-position":"center center","background-size":"auto","background-attachment":"scroll","background-type":"","background-media":"","overlay-type":"","overlay-color":"","overlay-opacity":"","overlay-gradient":""}},"ast-content-background-meta":{"desktop":{"background-color":"var(--ast-global-color-4)","background-image":"","background-repeat":"repeat","background-position":"center center","background-size":"auto","background-attachment":"scroll","background-type":"","background-media":"","overlay-type":"","overlay-color":"","overlay-opacity":"","overlay-gradient":""},"tablet":{"background-color":"var(--ast-global-color-4)","background-image":"","background-repeat":"repeat","background-position":"center center","background-size":"auto","background-attachment":"scroll","background-type":"","background-media":"","overlay-type":"","overlay-color":"","overlay-opacity":"","overlay-gradient":""},"mobile":{"background-color":"var(--ast-global-color-4)","background-image":"","background-repeat":"repeat","background-position":"center center","background-size":"auto","background-attachment":"scroll","background-type":"","background-media":"","overlay-type":"","overlay-color":"","overlay-opacity":"","overlay-gradient":""}},"footnotes":""},"class_list":["post-386","page","type-page","status-publish","hentry"],"_links":{"self":[{"href":"https:\/\/www.ft.uto.edu.bo\/index.php?rest_route=\/wp\/v2\/pages\/386","targetHints":{"allow":["GET"]}}],"collection":[{"href":"https:\/\/www.ft.uto.edu.bo\/index.php?rest_route=\/wp\/v2\/pages"}],"about":[{"href":"https:\/\/www.ft.uto.edu.bo\/index.php?rest_route=\/wp\/v2\/types\/page"}],"author":[{"embeddable":true,"href":"https:\/\/www.ft.uto.edu.bo\/index.php?rest_route=\/wp\/v2\/users\/1"}],"replies":[{"embeddable":true,"href":"https:\/\/www.ft.uto.edu.bo\/index.php?rest_route=%2Fwp%2Fv2%2Fcomments&post=386"}],"version-history":[{"count":5,"href":"https:\/\/www.ft.uto.edu.bo\/index.php?rest_route=\/wp\/v2\/pages\/386\/revisions"}],"predecessor-version":[{"id":415,"href":"https:\/\/www.ft.uto.edu.bo\/index.php?rest_route=\/wp\/v2\/pages\/386\/revisions\/415"}],"wp:attachment":[{"href":"https:\/\/www.ft.uto.edu.bo\/index.php?rest_route=%2Fwp%2Fv2%2Fmedia&parent=386"}],"curies":[{"name":"wp","href":"https:\/\/api.w.org\/{rel}","templated":true}]}}