{"id":422,"date":"2025-09-17T22:33:34","date_gmt":"2025-09-18T02:33:34","guid":{"rendered":"https:\/\/www.ft.uto.edu.bo\/?page_id=422"},"modified":"2025-10-01T17:31:18","modified_gmt":"2025-10-01T21:31:18","slug":"articulos-cientificos","status":"publish","type":"page","link":"https:\/\/www.ft.uto.edu.bo\/?page_id=422","title":{"rendered":"ART\u00cdCULOS CIENT\u00cdFICOS"},"content":{"rendered":"\n<p><\/p>\n\n\n\n<h1 class=\"wp-block-heading has-text-align-center\" style=\"font-style:normal;font-weight:1000\">ART\u00cdCULOS CIENT\u00cdFICOS<\/h1>\n\n\n<div class=\"container\">\n<div class=\"publication\">\n<h2>Revistas Cient\u00edficas Indexadas de Bolivia como un medio de Compartir Conocimientos y de Investigaci\u00f3n con el Mundo<\/h2>\n<div class=\"authors\"><span class=\"author-name\">Wilson \u00c1ngel Guti\u00e9rrez Rodr\u00edguez<\/span><\/div>\n<ul class=\"details\">\n<li><strong>Publicado:<\/strong> 2024-12-09<\/li>\n<li><strong>Revista:<\/strong> REVISTA HORIZONTE ACADEMICO<\/li>\n<li><strong>DOI:<\/strong> <a href=\"https:\/\/doi.org\/10.70208\/3007.8245.v4.n2.44\" target=\"_blank\" rel=\"noopener\">10.70208\/3007.8245.v4.n2.44<\/a><\/li>\n<\/ul>\n<\/div>\n<div class=\"publication\">\n<h2>Contaminaci\u00f3n de aguas y suelos en el municipio de machacamarca y comunidades colindantes, por descargas l\u00edquidas residuales mineras<\/h2>\n<div class=\"authors\"><span class=\"author-name\">Zulema Zeballos Lopez<\/span><\/div>\n<ul class=\"details\">\n<li><strong>Publicado:<\/strong> 2024-12-02<\/li>\n<li><strong>Revista:<\/strong> REVISTA HORIZONTE ACAD\u00c9MICO<\/li>\n<li><strong>DOI:<\/strong> <a href=\"https:\/\/doi.org\/10.70208\/3007.8245.v4.n2.35\" target=\"_blank\" rel=\"noopener\">10.70208\/3007.8245.v4.n2.35<\/a><\/li>\n<\/ul>\n<\/div>\n<div class=\"publication\">\n<h2>Metodolog\u00eda detr\u00e1s del Reciclaje de Material Pet y su Aplicaci\u00f3n Industrial<\/h2>\n<div class=\"authors\"><span class=\"author-name\">Frans L\u00f3pez Quispe, Jenny Sahara Choquerive Fern\u00e1ndez, Karem Herrera Mamani<\/span><\/div>\n<ul class=\"details\">\n<li><strong>Publicado:<\/strong> 2024-11-21<\/li>\n<li><strong>Revista:<\/strong> REVISTA HORIZONTE ACADEMICO<\/li>\n<li><strong>DOI:<\/strong> <a href=\"https:\/\/doi.org\/10.70208\/3007.8245.v4.n2.31\" target=\"_blank\" rel=\"noopener\">10.70208\/3007.8245.v4.n2.31<\/a><\/li>\n<\/ul>\n<\/div>\n<div class=\"publication\">\n<h2>Potabilizaci\u00f3n Ecol\u00f3gica de Aguas para Consumo Humano Mediante el Uso De Mucilago de Puscaillo, Carb\u00f3n de Madera y Paja Brava<\/h2>\n<div class=\"authors\"><span class=\"author-name\">Karla Jimena Gomez Huarachi, Jessica Jomayra Aruquipa Correa<\/span><\/div>\n<ul class=\"details\">\n<li><strong>Publicado:<\/strong> 2024-11-21<\/li>\n<li><strong>Revista:<\/strong> REVISTA HORIZONTE ACADEMICO<\/li>\n<li><strong>DOI:<\/strong> <a href=\"https:\/\/doi.org\/10.70208\/3007.8245.v4.n2.32\" target=\"_blank\" rel=\"noopener\">10.70208\/3007.8245.v4.n2.32<\/a><\/li>\n<\/ul>\n<\/div>\n<div class=\"publication\">\n<h2>Dise\u00f1o de Mezclas de Hormig\u00f3n con Escoria de Fundici\u00f3n<\/h2>\n<div class=\"authors\"><span class=\"author-name\">Alex Rodrigo R\u00edos Condori, Abd\u00edas Calisaya Chachaqui<\/span><\/div>\n<ul class=\"details\">\n<li><strong>Publicado:<\/strong> 2024-11-21<\/li>\n<li><strong>Revista:<\/strong> REVISTA HORIZONTE ACADEMICO<\/li>\n<li><strong>DOI:<\/strong> <a href=\"https:\/\/doi.org\/10.70208\/3007.8245.v4.n2.33\" target=\"_blank\" rel=\"noopener\">10.70208\/3007.8245.v4.n2.33<\/a><\/li>\n<\/ul>\n<\/div>\n<div class=\"publication\">\n<h2>Impactos del Cambio Clim\u00e1tico en la Salud Humana: Un An\u00e1lisis Global de Riesgos y Adaptaciones<\/h2>\n<div class=\"authors\"><span class=\"author-name\">M.Sc. Wilson Angel Gutierrez Rodriguez<\/span><\/div>\n<ul class=\"details\">\n<li><strong>Publicado:<\/strong> Julio-Agosto 2024 (Vol. 8, N\u00fam. 4)<\/li>\n<li><strong>Revista:<\/strong> REVISTA MULTIDISCIPLINARIA CIENCIA LATINA<\/li>\n<li><strong>DOI:<\/strong> <a href=\"https:\/\/doi.org\/10.37811\/cl_rcm.v8i4\" target=\"_blank\" rel=\"noopener\">10.37811\/cl_rcm.v8i4<\/a><\/li>\n<\/ul>\n<\/div>\n<div class=\"publication\">\n<h2>Dise\u00f1o y fabricaci\u00f3n del veh\u00edculo trimoto TRIDIO<\/h2>\n<div class=\"authors\"><span class=\"author-name\">Helmer Guti\u00e9rrez Corani, Ra\u00fal Alfredo Quispe Coca<\/span><\/div>\n<ul class=\"details\">\n<li><strong>Publicado:<\/strong> 2024-08-11<\/li>\n<li><strong>Revista:<\/strong> REVISTA HORIZONTE ACADEMICO<\/li>\n<li><strong>DOI:<\/strong> <a href=\"https:\/\/doi.org\/10.70208\/3007.8245.v4.n4.16\" target=\"_blank\" rel=\"noopener\">10.70208\/3007.8245.v4.n4.16<\/a><\/li>\n<\/ul>\n<\/div>\n<div class=\"publication\">\n<h2>Tecnolog\u00eda de Calentamiento por Inducci\u00f3n: Eficiencia y Seguridad en Procesos Industriales y Dom\u00e9sticos<\/h2>\n<div class=\"authors\"><span class=\"author-name\">Helmer Guti\u00e9rrez Corani, Ra\u00fal Alfredo Quispe Coca<\/span><\/div>\n<ul class=\"details\">\n<li><strong>Publicado:<\/strong> 2024-08-10<\/li>\n<li><strong>Revista:<\/strong> REVISTA HORIZONTE ACADEMICO<\/li>\n<li><strong>DOI:<\/strong> <a href=\"https:\/\/doi.org\/10.70208\/3007.8245.v4.n4.15\" target=\"_blank\" rel=\"noopener\">10.70208\/3007.8245.v4.n4.15<\/a><\/li>\n<\/ul>\n<\/div>\n<div class=\"publication\">\n<h2>Diferentes formas del c\u00e1lculo del L\u00edmite Liquido de los suelos<\/h2>\n<div class=\"authors\"><span class=\"author-name\">M.Sc. Wilson Angel Gutierrez Rodriguez<\/span><\/div>\n<ul class=\"details\">\n<li><strong>Publicado:<\/strong> 2024-06-21<\/li>\n<li><strong>Revista:<\/strong> REVISTA HORIZONTE ACADEMICO<\/li>\n<li><strong>DOI:<\/strong> <a href=\"https:\/\/doi.org\/10.70208\/3007.8245.v4.n4.7\" target=\"_blank\" rel=\"noopener\">10.70208\/3007.8245.v4.n4.7<\/a><\/li>\n<\/ul>\n<\/div>\n<div class=\"publication\">\n<h2>Factores que Influyen en la Determinaci\u00f3n de Costos en la Construcci\u00f3n de Viviendas<\/h2>\n<div class=\"authors\"><span class=\"author-name\">M.Sc. Wilson Angel Gutierrez Rodriguez<\/span><\/div>\n<ul class=\"details\">\n<li><strong>Publicado:<\/strong> 2024 (Vol. 8, N\u00fam. 3)<\/li>\n<li><strong>Revista:<\/strong> REVISTA MULTIDISCIPLINARIA CIENCIA LATINA<\/li>\n<li><strong>DOI:<\/strong> <a href=\"https:\/\/doi.org\/10.37811\/cl_rcm.v8i3.11396\" target=\"_blank\" rel=\"noopener\">10.37811\/cl_rcm.v8i3.11396<\/a><\/li>\n<\/ul>\n<\/div>\n<p><!-- Publicaciones sin fecha espec\u00edfica \/ antiguas --><\/p>\n<div class=\"publication\">\n<h2>Importancia del Grado de Compactaci\u00f3n en el Dise\u00f1o de Carreteras<\/h2>\n<div class=\"authors\">\n<div class=\"author-name\">Wilson \u00c1ngel Guti\u00e9rrez Rodr\u00edguez<br \/><span class=\"author-affiliation\">Universidad T\u00e9cnica de Oruro \u2013 Facultad T\u00e9cnica<\/span><\/div>\n<\/div>\n<ul class=\"details\">\n<li><strong>DOI:<\/strong> <a href=\"https:\/\/doi.org\/10.70208\/3007.8245.v5.n2.171\" target=\"_blank\" rel=\"noopener\">10.70208\/3007.8245.v5.n2.171<\/a><\/li>\n<li><strong>ORCID:<\/strong> <a href=\"https:\/\/orcid.org\/0000-0001-8188-1441\" target=\"_blank\" rel=\"noopener\">0000-0001-8188-1441<\/a><\/li>\n<\/ul>\n<\/div>\n<div class=\"publication\">\n<h2>An\u00e1lisis sostenible de grasas en carnes usando etanol recuperado: una alternativa eficiente en laboratorios con recursos limitados<\/h2>\n<div class=\"authors\">\n<div class=\"author-name\">Karla Jimena G\u00f3mez Huarachi<br \/><span class=\"author-affiliation\">Universidad T\u00e9cnica de Oruro \u2013 Facultad T\u00e9cnica<\/span><\/div>\n<div class=\"author-name\">Jossy Tatiana Colque Chino<br \/><span class=\"author-affiliation\">Universidad T\u00e9cnica de Oruro \u2013 Facultad T\u00e9cnica<\/span><\/div>\n<\/div>\n<ul class=\"details\">\n<li><strong>DOI:<\/strong> <a href=\"https:\/\/doi.org\/10.70208\/3007.8245.v5.n2.170\" target=\"_blank\" rel=\"noopener\">10.70208\/3007.8245.v5.n2.170<\/a><\/li>\n<\/ul>\n<\/div>\n<div class=\"publication\">\n<h2>Ranking de la Universidad T\u00e9cnica de Oruro en Bolivia: an\u00e1lisis y evoluci\u00f3n<\/h2>\n<div class=\"authors\">\n<div class=\"author-name\">Wilson \u00c1ngel Guti\u00e9rrez Rodr\u00edguez<br \/><span class=\"author-affiliation\">Universidad T\u00e9cnica de Oruro \u2013 Facultad T\u00e9cnica<\/span><\/div>\n<\/div>\n<ul class=\"details\">\n<li><strong>ORCID:<\/strong> <a href=\"https:\/\/orcid.org\/0000-0001-8188-1441\" target=\"_blank\" rel=\"noopener\">0000-0001-8188-1441<\/a><\/li>\n<\/ul>\n<\/div>\n<div class=\"publication\">\n<h2>Dise\u00f1o y Construcci\u00f3n de un Biodigestor para la Producci\u00f3n de Biogas a partir de Residuos Org\u00e1nicos en Bolivia<\/h2>\n<div class=\"authors\">\n<div class=\"author-name\">Helmer Guti\u00e9rrez Corani<br \/><span class=\"author-affiliation\">Departamento de Asignaturas B\u00e1sicas, Facultad T\u00e9cnica, UTO<\/span><\/div>\n<div class=\"author-name\">Ra\u00fal Alfredo Quispe Coca<br \/><span class=\"author-affiliation\">Departamento de Asignaturas B\u00e1sicas, Facultad T\u00e9cnica, UTO<\/span><\/div>\n<\/div>\n<ul class=\"details\">\n<li><strong>DOI:<\/strong> <a href=\"https:\/\/doi.org\/10.70208\/3007.8245.v4.n4.14\" target=\"_blank\" rel=\"noopener\">10.70208\/3007.8245.v4.n4.14<\/a><\/li>\n<\/ul>\n<\/div>\n<div class=\"publication\">\n<h2>Evaluaci\u00f3n de la Eficiencia y Viabilidad de un Prototipo de Pantalla LED con Energ\u00eda Solar en Oruro, Bolivia: Solenerged<\/h2>\n<div class=\"authors\">\n<div class=\"author-name\">Univ. V\u00edctor Flores Chambilla<br \/><span class=\"author-affiliation\">Facultad Tecnica \u2013 Universidad Tecnica De Oruro<\/span><\/div>\n<\/div>\n<ul class=\"details\">\n<li><strong>DOI:<\/strong> <a href=\"https:\/\/doi.org\/10.70208\/3007.8245.v4.n4.18\" target=\"_blank\" rel=\"noopener\">10.70208\/3007.8245.v4.n4.18<\/a><\/li>\n<\/ul>\n<\/div>\n<div class=\"publication\">\n<h2>Dispensador Autom\u00e1tico Y Programable De Comida Para Mascotas<\/h2>\n<div class=\"authors\">\n<div class=\"author-name\">Diego Maldonado Ramos<br \/><span class=\"author-affiliation\">Facultad T\u00e9cnica \u2013 Universidad T\u00e9cnica de Oruro<\/span><\/div>\n<\/div>\n<ul class=\"details\">\n<li><strong>DOI:<\/strong> <a href=\"https:\/\/doi.org\/10.70208\/3007.8245.v4.n4.17\" target=\"_blank\" rel=\"noopener\">10.70208\/3007.8245.v4.n4.17<\/a><\/li>\n<\/ul>\n<\/div>\n<div class=\"publication\">\n<h2>Potenciamiento de motores de combusti\u00f3n interna<\/h2>\n<div class=\"authors\">\n<div class=\"author-name\">M.Sc. Ing. Juli\u00e1n Ramiro Espinoza Chile<br \/><span class=\"author-affiliation\">Universidad T\u00e9cnica de Oruro<\/span><\/div>\n<\/div>\n<ul class=\"details\">\n<li><strong>DOI:<\/strong> <a href=\"https:\/\/doi.org\/10.70208\/3007.8245.v1.n1.5\" target=\"_blank\" rel=\"noopener\">10.70208\/3007.8245.v1.n1.5<\/a><\/li>\n<\/ul>\n<\/div>\n<div class=\"publication\">\n<h2>Neutralizaci\u00f3n y remoci\u00f3n de metales pesados de aguas \u00e1cidas de mina mediante el uso de orina humana<\/h2>\n<div class=\"authors\">\n<div class=\"author-name\">Lic. Matilde Marisol Paniagua Coca &amp; Univ. Villaz\u00f3n Paniagua Nayra Abad<br \/><span class=\"author-affiliation\">Qu\u00edmica Industrial, Facultad T\u00e9cnica, Universidad T\u00e9cnica de Oruro<\/span><\/div>\n<\/div>\n<ul class=\"details\">\n<li><strong>Revista:<\/strong> REVISTA HORIZONTE ACADEMICO<\/li>\n<li><strong>DOI:<\/strong> <a href=\"https:\/\/doi.org\/10.70208\/3007.8245.v1.n1.13\" target=\"_blank\" rel=\"noopener\">10.70208\/3007.8245.v1.n1.13<\/a><\/li>\n<\/ul>\n<\/div>\n<div class=\"publication\">\n<h2>Ocupaci\u00f3n y empleo universitarios Facultad T\u00e9cnica UTO<\/h2>\n<div class=\"authors\">\n<div class=\"author-name\">Lic. Ra\u00fal Alfredo Quispe Coca<br \/><span class=\"author-affiliation\">Docente Asignaturas B\u00e1sicas, Facultad T\u00e9cnica UTO<\/span><\/div>\n<\/div>\n<ul class=\"details\">\n<li><strong>DOI:<\/strong> <a href=\"https:\/\/doi.org\/10.70208\/3007.8245.v1.n1.3\" target=\"_blank\" rel=\"noopener\">10.70208\/3007.8245.v1.n1.3<\/a><\/li>\n<\/ul>\n<\/div>\n<div class=\"publication\">\n<h2>La motivaci\u00f3n un proceso psicol\u00f3gico<\/h2>\n<div class=\"authors\">\n<div class=\"author-name\">Lic. Paz Gast\u00f3n Al\u00e1 Miranda<br \/><span class=\"author-affiliation\">Carrera Qu\u00edmica Industrial, Facultad T\u00e9cnica UTO<\/span><\/div>\n<\/div>\n<ul class=\"details\">\n<li><strong>Revista:<\/strong> REVISTA HORIZONTE ACADEMICO<\/li>\n<li><strong>DOI:<\/strong> <a href=\"https:\/\/doi.org\/10.70208\/3007.8245.v1.n1.2\" target=\"_blank\" rel=\"noopener\">10.70208\/3007.8245.v1.n1.2<\/a><\/li>\n<\/ul>\n<\/div>\n<div class=\"container\">\n<div class=\"publication\">\u00a0<\/div>\n<div class=\"publication\">\u00a0<\/div>\n<div class=\"publication\">\u00a0<\/div>\n<div class=\"publication\">\u00a0<\/div>\n<\/div>\n<\/div>","protected":false},"excerpt":{"rendered":"<p>ART\u00cdCULOS CIENT\u00cdFICOS Revistas Cient\u00edficas Indexadas de Bolivia como un medio de Compartir Conocimientos y de Investigaci\u00f3n con el Mundo Wilson [&hellip;]<\/p>\n","protected":false},"author":1,"featured_media":0,"parent":0,"menu_order":0,"comment_status":"closed","ping_status":"closed","template":"","meta":{"site-sidebar-layout":"default","site-content-layout":"","ast-site-content-layout":"default","site-content-style":"default","site-sidebar-style":"default","ast-global-header-display":"","ast-banner-title-visibility":"","ast-main-header-display":"","ast-hfb-above-header-display":"","ast-hfb-below-header-display":"","ast-hfb-mobile-header-display":"","site-post-title":"disabled","ast-breadcrumbs-content":"","ast-featured-img":"","footer-sml-layout":"","ast-disable-related-posts":"","theme-transparent-header-meta":"","adv-header-id-meta":"","stick-header-meta":"","header-above-stick-meta":"","header-main-stick-meta":"","header-below-stick-meta":"","astra-migrate-meta-layouts":"default","ast-page-background-enabled":"default","ast-page-background-meta":{"desktop":{"background-color":"var(--ast-global-color-5)","background-image":"","background-repeat":"repeat","background-position":"center center","background-size":"auto","background-attachment":"scroll","background-type":"","background-media":"","overlay-type":"","overlay-color":"","overlay-opacity":"","overlay-gradient":""},"tablet":{"background-color":"","background-image":"","background-repeat":"repeat","background-position":"center center","background-size":"auto","background-attachment":"scroll","background-type":"","background-media":"","overlay-type":"","overlay-color":"","overlay-opacity":"","overlay-gradient":""},"mobile":{"background-color":"","background-image":"","background-repeat":"repeat","background-position":"center center","background-size":"auto","background-attachment":"scroll","background-type":"","background-media":"","overlay-type":"","overlay-color":"","overlay-opacity":"","overlay-gradient":""}},"ast-content-background-meta":{"desktop":{"background-color":"var(--ast-global-color-4)","background-image":"","background-repeat":"repeat","background-position":"center center","background-size":"auto","background-attachment":"scroll","background-type":"","background-media":"","overlay-type":"","overlay-color":"","overlay-opacity":"","overlay-gradient":""},"tablet":{"background-color":"var(--ast-global-color-4)","background-image":"","background-repeat":"repeat","background-position":"center center","background-size":"auto","background-attachment":"scroll","background-type":"","background-media":"","overlay-type":"","overlay-color":"","overlay-opacity":"","overlay-gradient":""},"mobile":{"background-color":"var(--ast-global-color-4)","background-image":"","background-repeat":"repeat","background-position":"center center","background-size":"auto","background-attachment":"scroll","background-type":"","background-media":"","overlay-type":"","overlay-color":"","overlay-opacity":"","overlay-gradient":""}},"footnotes":""},"class_list":["post-422","page","type-page","status-publish","hentry"],"_links":{"self":[{"href":"https:\/\/www.ft.uto.edu.bo\/index.php?rest_route=\/wp\/v2\/pages\/422","targetHints":{"allow":["GET"]}}],"collection":[{"href":"https:\/\/www.ft.uto.edu.bo\/index.php?rest_route=\/wp\/v2\/pages"}],"about":[{"href":"https:\/\/www.ft.uto.edu.bo\/index.php?rest_route=\/wp\/v2\/types\/page"}],"author":[{"embeddable":true,"href":"https:\/\/www.ft.uto.edu.bo\/index.php?rest_route=\/wp\/v2\/users\/1"}],"replies":[{"embeddable":true,"href":"https:\/\/www.ft.uto.edu.bo\/index.php?rest_route=%2Fwp%2Fv2%2Fcomments&post=422"}],"version-history":[{"count":9,"href":"https:\/\/www.ft.uto.edu.bo\/index.php?rest_route=\/wp\/v2\/pages\/422\/revisions"}],"predecessor-version":[{"id":582,"href":"https:\/\/www.ft.uto.edu.bo\/index.php?rest_route=\/wp\/v2\/pages\/422\/revisions\/582"}],"wp:attachment":[{"href":"https:\/\/www.ft.uto.edu.bo\/index.php?rest_route=%2Fwp%2Fv2%2Fmedia&parent=422"}],"curies":[{"name":"wp","href":"https:\/\/api.w.org\/{rel}","templated":true}]}}