{"id":442,"date":"2025-09-17T23:33:03","date_gmt":"2025-09-18T03:33:03","guid":{"rendered":"https:\/\/www.ft.uto.edu.bo\/?page_id=442"},"modified":"2025-09-18T18:59:25","modified_gmt":"2025-09-18T22:59:25","slug":"fictec","status":"publish","type":"page","link":"https:\/\/www.ft.uto.edu.bo\/?page_id=442","title":{"rendered":"FICTEC"},"content":{"rendered":"\n<h1 class=\"wp-block-heading has-text-align-center\" style=\"font-style:normal;font-weight:1000\">FERIA DE INVESTIGACI\u00d3N CIENCIA Y TECNOLOG\u00cdA<\/h1>\n\n\n\n<figure class=\"wp-block-image size-large\"><img loading=\"lazy\" decoding=\"async\" width=\"1024\" height=\"1024\" src=\"https:\/\/www.ft.uto.edu.bo\/wp-content\/uploads\/2025\/09\/24-09-13-POST-FICTEX-IX-copy-1024x1024.webp\" alt=\"\" class=\"wp-image-453\" srcset=\"https:\/\/www.ft.uto.edu.bo\/wp-content\/uploads\/2025\/09\/24-09-13-POST-FICTEX-IX-copy-1024x1024.webp 1024w, https:\/\/www.ft.uto.edu.bo\/wp-content\/uploads\/2025\/09\/24-09-13-POST-FICTEX-IX-copy-300x300.webp 300w, https:\/\/www.ft.uto.edu.bo\/wp-content\/uploads\/2025\/09\/24-09-13-POST-FICTEX-IX-copy-150x150.webp 150w, https:\/\/www.ft.uto.edu.bo\/wp-content\/uploads\/2025\/09\/24-09-13-POST-FICTEX-IX-copy-768x768.webp 768w, https:\/\/www.ft.uto.edu.bo\/wp-content\/uploads\/2025\/09\/24-09-13-POST-FICTEX-IX-copy-1536x1536.webp 1536w, https:\/\/www.ft.uto.edu.bo\/wp-content\/uploads\/2025\/09\/24-09-13-POST-FICTEX-IX-copy.webp 2000w\" sizes=\"auto, (max-width: 1024px) 100vw, 1024px\" \/><\/figure>\n\n\n\n<p><p style=\"text-align: justify;\">La \u00abFERIA DE INVESTIGACI\u00d3N CIENCIA Y TECNOLOG\u00cdA\u00bb&nbsp;es un evento organizado por la Facultad T\u00e9cnica de la Universidad T\u00e9cnica de Oruro (UTO), que tiene como objetivo visibilizar, valorar y socializar la investigaci\u00f3n realizada por docentes, estudiantes y profesionales de la universidad.&nbsp;La facultad organiza este evento peri\u00f3dicamente, y en ocasiones anteriores se ha realizado de forma virtual, permitiendo la participaci\u00f3n de investigadores de las diferentes \u00e1reas de la UTO.&nbsp;<\/p><\/p>\n\n\n\n<p style=\"text-decoration:underline\"><strong>Objetivos del evento&nbsp;<\/strong><\/p>\n\n\n\n<ul class=\"wp-block-list\">\n<li><strong>Visibilizar la investigaci\u00f3n:<\/strong>&nbsp;Es una plataforma para mostrar los trabajos de investigaci\u00f3n, tanto de estudiantes como de docentes.<\/li>\n\n\n\n<li><strong>Valorar la investigaci\u00f3n:<\/strong>&nbsp;Sirve para reconocer el esfuerzo y la calidad de los proyectos cient\u00edficos y tecnol\u00f3gicos desarrollados.<\/li>\n\n\n\n<li><strong>Socializar conocimientos:<\/strong>&nbsp;Permite que los hallazgos sean presentados y comprendidos por la comunidad universitaria.<\/li>\n<\/ul>\n\n\n\n<p style=\"text-decoration:underline\"><strong>Participaci\u00f3n y formato<\/strong><\/p>\n\n\n\n<ul class=\"wp-block-list\">\n<li><strong>\u00bfQui\u00e9nes participan?:<\/strong>&nbsp;Participan estudiantes, docentes, titulados recientes, posgraduantes e investigadores.&nbsp;<\/li>\n\n\n\n<li><strong>Tipos de trabajos:<\/strong>&nbsp;Se presentan trabajos de investigaci\u00f3n de diferentes \u00e1reas cient\u00edficas y tecnol\u00f3gicas.&nbsp;<\/li>\n\n\n\n<li><strong>Formato:<\/strong>&nbsp;Las ferias han tenido formatos presenciales y virtuales, con presentaciones de art\u00edculos cient\u00edficos y videos.&nbsp;<\/li>\n<\/ul>\n\n\n\n<p><p style=\"text-align: justify;\"><a href=\"https:\/\/docs.google.com\/spreadsheets\/d\/1WTWJFtNFyDJ1Vuqs-bWdUE951IMVk2dP\/edit?gid=1970860037#gid=1970860037\" data-type=\"link\" data-id=\"https:\/\/docs.google.com\/spreadsheets\/d\/1WTWJFtNFyDJ1Vuqs-bWdUE951IMVk2dP\/edit?gid=1970860037#gid=1970860037\">N\u00d3MINA DE TRABAJOS PRESENTADOS EN TODAS LAS FERIAS INCLUYE GESTI\u00d3N 2024<\/a><\/p><\/p>\n\n\n\n<p><\/p>\n","protected":false},"excerpt":{"rendered":"<p>FERIA DE INVESTIGACI\u00d3N CIENCIA Y TECNOLOG\u00cdA La \u00abFERIA DE INVESTIGACI\u00d3N CIENCIA Y TECNOLOG\u00cdA\u00bb&nbsp;es un evento organizado por la Facultad T\u00e9cnica [&hellip;]<\/p>\n","protected":false},"author":1,"featured_media":0,"parent":0,"menu_order":0,"comment_status":"closed","ping_status":"closed","template":"","meta":{"site-sidebar-layout":"default","site-content-layout":"","ast-site-content-layout":"default","site-content-style":"default","site-sidebar-style":"default","ast-global-header-display":"","ast-banner-title-visibility":"","ast-main-header-display":"","ast-hfb-above-header-display":"","ast-hfb-below-header-display":"","ast-hfb-mobile-header-display":"","site-post-title":"disabled","ast-breadcrumbs-content":"","ast-featured-img":"","footer-sml-layout":"","ast-disable-related-posts":"","theme-transparent-header-meta":"","adv-header-id-meta":"","stick-header-meta":"","header-above-stick-meta":"","header-main-stick-meta":"","header-below-stick-meta":"","astra-migrate-meta-layouts":"default","ast-page-background-enabled":"default","ast-page-background-meta":{"desktop":{"background-color":"var(--ast-global-color-5)","background-image":"","background-repeat":"repeat","background-position":"center center","background-size":"auto","background-attachment":"scroll","background-type":"","background-media":"","overlay-type":"","overlay-color":"","overlay-opacity":"","overlay-gradient":""},"tablet":{"background-color":"","background-image":"","background-repeat":"repeat","background-position":"center center","background-size":"auto","background-attachment":"scroll","background-type":"","background-media":"","overlay-type":"","overlay-color":"","overlay-opacity":"","overlay-gradient":""},"mobile":{"background-color":"","background-image":"","background-repeat":"repeat","background-position":"center center","background-size":"auto","background-attachment":"scroll","background-type":"","background-media":"","overlay-type":"","overlay-color":"","overlay-opacity":"","overlay-gradient":""}},"ast-content-background-meta":{"desktop":{"background-color":"var(--ast-global-color-4)","background-image":"","background-repeat":"repeat","background-position":"center center","background-size":"auto","background-attachment":"scroll","background-type":"","background-media":"","overlay-type":"","overlay-color":"","overlay-opacity":"","overlay-gradient":""},"tablet":{"background-color":"var(--ast-global-color-4)","background-image":"","background-repeat":"repeat","background-position":"center center","background-size":"auto","background-attachment":"scroll","background-type":"","background-media":"","overlay-type":"","overlay-color":"","overlay-opacity":"","overlay-gradient":""},"mobile":{"background-color":"var(--ast-global-color-4)","background-image":"","background-repeat":"repeat","background-position":"center center","background-size":"auto","background-attachment":"scroll","background-type":"","background-media":"","overlay-type":"","overlay-color":"","overlay-opacity":"","overlay-gradient":""}},"footnotes":""},"class_list":["post-442","page","type-page","status-publish","hentry"],"_links":{"self":[{"href":"https:\/\/www.ft.uto.edu.bo\/index.php?rest_route=\/wp\/v2\/pages\/442","targetHints":{"allow":["GET"]}}],"collection":[{"href":"https:\/\/www.ft.uto.edu.bo\/index.php?rest_route=\/wp\/v2\/pages"}],"about":[{"href":"https:\/\/www.ft.uto.edu.bo\/index.php?rest_route=\/wp\/v2\/types\/page"}],"author":[{"embeddable":true,"href":"https:\/\/www.ft.uto.edu.bo\/index.php?rest_route=\/wp\/v2\/users\/1"}],"replies":[{"embeddable":true,"href":"https:\/\/www.ft.uto.edu.bo\/index.php?rest_route=%2Fwp%2Fv2%2Fcomments&post=442"}],"version-history":[{"count":5,"href":"https:\/\/www.ft.uto.edu.bo\/index.php?rest_route=\/wp\/v2\/pages\/442\/revisions"}],"predecessor-version":[{"id":454,"href":"https:\/\/www.ft.uto.edu.bo\/index.php?rest_route=\/wp\/v2\/pages\/442\/revisions\/454"}],"wp:attachment":[{"href":"https:\/\/www.ft.uto.edu.bo\/index.php?rest_route=%2Fwp%2Fv2%2Fmedia&parent=442"}],"curies":[{"name":"wp","href":"https:\/\/api.w.org\/{rel}","templated":true}]}}